12 (base 3) to base 5
-103110323
What is -7a6a39 (base 13) in base 10?
-2899581
b058a (base 12) to base 14
5d5d8
Convert 222754 (base 8) to base 3.
10211012211
2a53a2 (base 11) to base 9
804411
What is 35ac1 (base 16) in base 9?
364507
Convert -101100000010001111 (base 2) to base 13.
-64135
39a2287 (base 11) to base 2
11010010111111000001111
What is -332141 (base 12) in base 2?
-11000110010101000001
What is -1101634 (base 11) in base 12?
-793756
What is -8941192 (base 10) in base 4?
-202012322020
What is 1076189 (base 11) in base 7?
21666421
11102312 (base 4) to base 5
1143221
Convert -5146065 (base 7) to base 13.
-187962
-11100010011001101000 (base 2) to base 8
-3423150
Convert c2066 (base 14) to base 12.
1a600a
288793b (base 13) to base 10
12869400
What is -6fb09 (base 16) in base 7?
-3613523
Convert 2260a (base 14) to base 5.
10133011
What is 2020333333 (base 4) in base 5?
120424101
Convert -112031100212 (base 4) to base 7.
-100324145
What is 16023323 (base 7) in base 11?
959658
Convert 6351064 (base 7) to base 4.
2323223011
Convert -325528 (base 10) to base 2.
-1001111011110011000
Convert 100011100001010 (base 2) to base 3.
220221120
Convert -1153054 (base 6) to base 10.
-61594
-449a6a9 (base 11) to base 14
-1090580
-26009a (base 16) to base 10
-2490522
b16b5 (base 14) to base 10
426655
Convert 1a558 (base 13) to base 5.
3121244
What is -11010000001101001101 (base 2) in base 4?
-3100031031
-100001111000010110 (base 2) to base 12
-68386
34534355 (base 6) to base 14
1dc035
What is -7775342 (base 8) in base 7?
-23546220
What is -28942 (base 12) in base 6?
-1114122
Convert -1441130 (base 6) to base 15.
-199c9
What is 201202001 (base 4) in base 13?
4a690
Convert -110314203 (base 5) to base 11.
-2a8120
Convert -333403 (base 6) to base 2.
-110110101101011
What is 100110000001110001010 (base 2) in base 13?
348241
Convert -1011000110111010101 (base 2) to base 10.
-363989
Convert -33023302321 (base 4) to base 9.
-7436157
What is -15120423 (base 8) in base 16?
-34a113
152341542 (base 6) to base 14
5d4a58
What is -24204245 (base 6) in base 15?
-101128
What is 40456551 (base 7) in base 15?
46a349
Convert 514564 (base 9) to base 11.
199321
-5e636d (base 16) to base 8
-27461555
What is -118715 (base 10) in base 7?
-1003052
What is 546a97 (base 12) in base 4?
11012322103
Convert 2210636 (base 8) to base 2.
10010001000110011110
Convert -101101011011100100010 (base 2) to base 4.
-11223130202
Convert 120000010010112 (base 3) to base 6.
442524105
What is 112452 (base 7) in base 16?
4e9f
Convert -713aa (base 12) to base 8.
-437762
-5112554 (base 9) to base 16
-299377
What is 7334489 (base 10) in base 7?
116225231
20d6bc3 (base 14) to base 10
15577271
What is -210171 (base 10) in base 2?
-110011010011111011
-22099 (base 12) to base 13
-17670
What is -373353 (base 8) in base 4?
-133123223
-2051343 (base 6) to base 4
-120130233
What is -16645b8 (base 13) in base 11?
-40a2335
Convert 1112102122100 (base 3) to base 9.
1472570
Convert 10643206 (base 7) to base 16.
e44d2
What is 28bd3 (base 14) in base 3?
12010201101
Convert 16693 (base 15) to base 10.
72363
What is 1012120120011 (base 3) in base 2?
10011100100010110000
What is -33246334 (base 7) in base 12?
-b64394
What is -1820147 (base 12) in base 14?
-948b8b
Convert 5254533 (base 7) to base 3.
1012021202020
What is 530410 (base 11) in base 10?
849673
Convert -424244 (base 7) to base 10.
-73532
3002020103 (base 4) to base 10
795155
Convert 2300301300 (base 4) to base 15.
e4820
-158ca (base 13) to base 11
-28941
-3286129 (base 10) to base 3
-20011221201111
Convert 294407 (base 16) to base 8.
12242007
Convert -1bb9199 (base 13) to base 10.
-9245271
What is -14425020 (base 6) in base 11?
-312741
6239b (base 15) to base 3
120211001102
What is 1024706 (base 13) in base 16?
4aacd4
What is 1843586 (base 11) in base 13?
854781
What is -1111011001001101 (base 2) in base 11?
-43411
-9986486 (base 10) to base 12
-3417272
Convert -8c35a2 (base 14) to base 9.
-8874214
Convert 1600241 (base 9) to base 8.
3302256
Convert 1021021012112 (base 3) to base 4.
2210222222
What is -187dc (base 16) in base 3?
-12002121102
10011001100100111011 (base 2) to base 6
21252135
What is 19c27 (base 15) in base 7?
466063
Convert 50751e (base 15) to base 6.
213524502
What is -1032607 (base 13) in base 14?
-920351
7456aa (base 11) to base 7
13100236
What is 1122031331 (base 4) in base 6?
11530445
100110001010101110010 (base 2) to base 10
1250674
Convert -1210221012000 (base 3) to base 10.
-963144
-1110130134 (base 5) to base 4
-21100200213
What is 101000100010101 (base 2) in base 10?
20757
What is 309e2c (base 15) in base 8?
10643014
Convert -1233231102 (base 4) to base 12.
-1a0956
-21230230311 (base 4) to base 5
-1122324024
Convert 180c079 (base 13) to base 16.
776101
Convert 18a37a (base 15) to base 7.
13122244
What is 12d041 (base 15) in base 7?
10455130
What is -8a878 (base 12) in base 16?
-2d05c
Convert -444133500 (base 6) to base 5.
-4024143244
Convert 11011010001001001 (base 2) to base 15.
2315e
What is -1031055 (base 8) in base 3?
-111222012210
What is -798294 (base 13) in base 16?
-2bdb17
What is -1573063 (base 10) in base 11?
-984958
Convert 13330024 (base 5) to base 14.
37932
What is 114561152 (base 7) in base 12?
2492302
What is 373016 (base 8) in base 4?
133120032
What is -1116046 (base 9) in base 5?
-123221332
Convert 2002111200 (base 3) to base 15.
c313
Convert 6b7c67 (base 14) to base 10.
3671171
Convert 721203 (base 8) to base 2.
111010001010000011
Convert -220011102202 (base 3) to base 11.
-2a5387
Convert b123c (base 15) to base 5.
120421012
-1003301 (base 7) to base 9
-200888
What is -102010102012 (base 3) in base 13?
-788b4
What is -13000220 (base 4) in base 15?
-8792
Convert 46aad (base 14) to base 3.
22202021022
Convert -2240134 (base 8) to base 2.
-10010100000001011100
What is -9864a5 (base 11) in base 12?
-63b684
Convert 35025631 (base 7) to base 14.
59b351
What is 4b695 (base 12) in base 13?
37b08
What is 700506 (base 9) in base 12?
17b536
Convert 10000111010101111110 (base 2) to base 15.
ae3cb
Convert -1e64cf (base 16) to base 3.
-10202012100121
-124600 (base 13) to base 16
-6afc9
Convert -1a0a75 (base 11) to base 3.
-120200112022
Convert -a9397 (base 13) to base 16.
-4ab5e
Convert -3a1458 (base 16) to base 5.
-1433300141
42044010 (base 5) to base 2
1010100101010000011
4867259 (base 10) to base 2
10010100100010010111011
What is -1100111000101010110 (base 2) in base 14?
-adc34
421400241 (base 5) to base 7
20564065
What is -d32454 (base 15) in base 5?
-10032001404
8f123 (base 16) to base 9
1082772
-702138 (base 16) to base 2
-11100000010000100111000
What is -c38d (base 14) in base 6?
-415425
Convert -2871172 (base 9) to base 2.
-110000010001111111100
-87284 (base 12) to base 10
-178372
Convert 125434201 (base 7) to base 14.
1103238
Convert -1568502 (base 9) to base 3.
-1122022120002
-134502316 (base 7) to base 4
-201202031323
-100667 (base 12) to base 2
-111100111110101111
Convert -1024112024 (base 5) to base 6.
-114345321
Convert 111201031101 (base 4) to base 12.
1a805a9
100000100000100111 (base 2) to base 16
20827
What is 331034031 (base 5) in base 3?
2200100201121
121020112 (base 4) to base 15
20774
What is 5807b3 (base 12) in base 9?
2580710
-220132113 (base 4) to base 15
-341c3
Convert -1143533 (base 6) to base 13.
-216a2
What is 104571756 (base 8) in base 16?
112f3ee
Convert 111615 (base 9) to base 16.
10517
What is b422b (base 12) in base 2?
111001011101000011
What is -3254203 (base 6) in base 12?
-7a363
What is -361c78 (base 16) in base 9?
-6604457
684a33 (base 12) to base 5
411323041
What is -1020022001222 (base 3) in base 15?
-ce2ee
What is 487306 (base 11) in base 10?
771018
Convert 20c15 (base 14) to base 3.
11000122110
Convert 14e884 (base 16) to base 11.
856537
Convert 99537c (base 13) to base 3.
20210102101010
What is 33240011 (base 5) in base 2?
1000110110011010110
1324046 (base 7) to base 6
3422502
Convert -1011121112 (base 3) to base 11.
-16350
-250043 (base 6) to base 3
-1010021000
What is 95599 (base 10) in base 15?
1d4d4
What is 5365343 (base 10) in base 7?
63414254
Convert 6fb6 (base 16) to base 8.
67666
7e2ab5 (base 15) to base 5
3021033140
-111010001011011101 (base 2) to base 8
-721335
What is 15b